{"id":446,"date":"2022-06-26T19:15:54","date_gmt":"2022-06-26T19:15:54","guid":{"rendered":"https:\/\/www.sabbadius.com\/?post_type=product&#038;p=446"},"modified":"2026-04-07T12:39:20","modified_gmt":"2026-04-07T12:39:20","slug":"el-toro-overdrive","status":"publish","type":"product","link":"https:\/\/www.sabbadius.com\/?product=el-toro-overdrive","title":{"rendered":"TORO ARGENTINO OVERDRIVE"},"content":{"rendered":"<p>El SABBADIUS TORO ARGENTINO OVERDRIVE un pedal de Overdrive e hecho en homenaje a nuestra 3era copa del mundo en el mundial 2022 y solo se hicieron 20 unidades para aquellos coleccionistas que aman el futbol como as\u00ed tambi\u00e9n la m\u00fasica. El est\u00e1 basado en los conocidos Tubescreamers pero con mucha m\u00e1s impulsi\u00f3n de salida, con ese sonido valvular caracteristico y los cl\u00e1sicos \u201cGLASSY TONES\u201d del Texas Blues gracias a sus diodos NOS<br \/>\n(New Old Stock) TOSHIBA 1S1588.<\/p>\n<p>Sus controles son 3:<br \/>\nVOLUME: Controla el volumen y salida del efecto.<br \/>\nDRIVE: Con \u00e9ste control le das la cantidad de Drive ( Saturaci\u00f3n ) al efecto lo cual hace que sea<br \/>\nuna de las principales caracter\u00edsticas vers\u00e1tiles de este pedal. Desde Min. A Max. Pasas por<br \/>\nmuchos cambios de s onido, colores y Sustain.<br \/>\nTONE: \u00c9ste controla el tono del efecto que va matizando desde los tonos m\u00e1s graves y c\u00e1lidos<br \/>\nhasta los tonos m\u00e1s chillantes y vidriosos que en conjunto con la perilla de DRIVE podes<br \/>\nobtener resultados incre\u00edbles.<br \/>\nEs un pedal 100% Hecho a Mano en C\u00f3rdoba Argentin a con Footswitch mec\u00e1nico 3 PDT (True<br \/>\nBypass)<br \/>\nSu alimentaci\u00f3n puede ser con bater\u00eda de 9 Volt la cual se aloja detr\u00e1s del 3PDT entre el<br \/>\nFootswitch y la chapa de la base trasera donde dice BAT. Tamb ien puede ser alimentado con<br \/>\nfuente de alimentaci\u00f3n regulada y estabilizada para pedales de 9 Volt -100mA Pin de 2.1mm<br \/>\n(CENTRO NEGATIVO ) como los pedales BOSS.<br \/>\nDimensiones:<br \/>\nLargo 120mm x ancho 90mm (incluyendo los Jacks de entrada y salida) x Alto 55mm<br \/>\n(Incuyendo las perillas y las bases de apoyo)<br \/>\nPeso:<br \/>\n380grs. Aprox. Gabinete 100% de Aluminio.<\/p>\n","protected":false},"excerpt":{"rendered":"<p>\u00abEL OVERDRIVE CON MAS BOLAS\u00bb &hellip; <a href=\"https:\/\/www.sabbadius.com\/?product=el-toro-overdrive\" class=\"more-link\">Seguir leyendo<span class=\"screen-reader-text\">TORO ARGENTINO OVERDRIVE<\/span><\/a><\/p>\n","protected":false},"featured_media":658,"template":"","meta":[],"product_brand":[],"product_cat":[138,145],"product_tag":[54,239,241,56,136,58,60,245,243,247],"class_list":{"0":"post-446","1":"product","2":"type-product","3":"status-publish","4":"has-post-thumbnail","6":"product_cat-boost-overdrive-es","7":"product_cat-fuzz","8":"product_tag-boost","9":"product_tag-el-toro","10":"product_tag-fender","11":"product_tag-jimi-hendrix","12":"product_tag-overdrive","13":"product_tag-srv","14":"product_tag-stevie-ray-vaughan","15":"product_tag-texas","16":"product_tag-texas-blues","17":"product_tag-vaughan","19":"first","20":"instock","21":"shipping-taxable","22":"product-type-simple"},"_links":{"self":[{"href":"https:\/\/www.sabbadius.com\/index.php?rest_route=\/wp\/v2\/product\/446","targetHints":{"allow":["GET"]}}],"collection":[{"href":"https:\/\/www.sabbadius.com\/index.php?rest_route=\/wp\/v2\/product"}],"about":[{"href":"https:\/\/www.sabbadius.com\/index.php?rest_route=\/wp\/v2\/types\/product"}],"wp:featuredmedia":[{"embeddable":true,"href":"https:\/\/www.sabbadius.com\/index.php?rest_route=\/wp\/v2\/media\/658"}],"wp:attachment":[{"href":"https:\/\/www.sabbadius.com\/index.php?rest_route=%2Fwp%2Fv2%2Fmedia&parent=446"}],"wp:term":[{"taxonomy":"product_brand","embeddable":true,"href":"https:\/\/www.sabbadius.com\/index.php?rest_route=%2Fwp%2Fv2%2Fproduct_brand&post=446"},{"taxonomy":"product_cat","embeddable":true,"href":"https:\/\/www.sabbadius.com\/index.php?rest_route=%2Fwp%2Fv2%2Fproduct_cat&post=446"},{"taxonomy":"product_tag","embeddable":true,"href":"https:\/\/www.sabbadius.com\/index.php?rest_route=%2Fwp%2Fv2%2Fproduct_tag&post=446"}],"curies":[{"name":"wp","href":"https:\/\/api.w.org\/{rel}","templated":true}]}}