{"id":675,"date":"2024-11-11T13:08:14","date_gmt":"2024-11-11T13:08:14","guid":{"rendered":"https:\/\/www.sabbadius.com\/?post_type=product&#038;p=675"},"modified":"2025-10-31T13:55:20","modified_gmt":"2025-10-31T13:55:20","slug":"1988-austin-texas-fuzz-2","status":"publish","type":"product","link":"https:\/\/www.sabbadius.com\/?product=1988-austin-texas-fuzz-2","title":{"rendered":"1988 Austin Texas Fuzz"},"content":{"rendered":"<pre id=\"tw-target-text\" class=\"tw-data-text tw-text-large tw-ta\" dir=\"ltr\" data-placeholder=\"Traducci\u00f3n\"><span class=\"Y2IQFc\" lang=\"es\">Un pedal de fuzz basado en el Cesar Diaz Square Face utilizado por Stevie Ray Vaughan.\r\nEl SABBADIUS 1988 Austin Texas Fuzz es un pedal de efecto fuzz inspirado en uno de los guitarristas de blues Texano m\u00e1s influyentes del mundo, el \u00fanico e inigualable STEVIE RAY VAUGHAN (SRV).\r\nSRV tend\u00eda a preferir los tonos limpios y la saturaci\u00f3n natural de los amplificadores de v\u00e1lvulas, pero en 1988 a\u00f1adi\u00f3 un pedal original Sixties Dallas-Arbiter Fuzz Face a su equipo cuando se obsesion\u00f3 con emular los sonidos caracter\u00edsticos de Jimi Hendrix. Desafortunadamente, los transistores de germanio del Fuzz Face eran extremadamente poco confiables cuando se expon\u00edan a las luces calientes del escenario o al sol durante los conciertos al aire libre. Stevie reuni\u00f3 varios pedales Fuzz Face y prob\u00f3 varios durante la prueba de sonido para elegir el que pens\u00f3 que sonaba mejor ese d\u00eda en particular. Eventualmente, se cans\u00f3 de los transistores poco confiables en sus pedales Fuzz Face, por lo que su t\u00e9cnico de amplificadores C\u00e9sar D\u00edaz los modific\u00f3, quien luego us\u00f3 las modificaciones como base para el pedal Diaz Texas Square Face.\r\nEn los primeros Diaz Square face, Fuzz us\u00f3 transistores de germanio NTE 103 NPN, luego decidi\u00f3 colocar zocalos de transistores en el PCB e incluy\u00f3 2 transistores de silicio de ganancia MEDIA-BAJA de la marca NTE para obtener m\u00e1s ganancia y tonos m\u00e1s vidriosos (Glassy Tones) como los transistores de silicio NTE123AP o 2N4401 NPN.\r\nAs\u00ed que S\u00cd, el SABBADIUS 1988 Austin Texas Fuzz es un tipo de fuzz equipado con transistores de SILICIO.<\/span><\/pre>\n<pre class=\"tw-data-text tw-text-large tw-ta\" dir=\"ltr\" data-placeholder=\"Traducci\u00f3n\"><span class=\"Y2IQFc\" lang=\"es\">El SABBADIUS 1988 Austin Texas Fuzz tiene algunas caracter\u00edsticas que hacen que este pedal Fuzz sea \u00fanico en el mercado hoy en d\u00eda, tiene una perilla llamada \"WAH WAH TRICK\" que le permite hacer que este Fuzz sea un \"Wah Wah friendly\", esto significa que se puede usar con un wah wah sin tener ese molesto ruido tipo acoplador que hace que los pedales fuzz no sean compatibles con los pedales de wah wah y podr\u00e1s hacer que tu wah wah suene o m\u00f3dulo como debe. Puede colocar el SABBADIUS 1988 Austin Texas Fuzz antes o despu\u00e9s del pedal wah-wah y usar esta perilla \"WAH WAH TRICK\" para establecer la posici\u00f3n correcta para que desaparezca el ruido. Otra cosa a tener en cuenta al usar SABBADIUS 1988 Austin Texas Fuzz es que si no desea usar un wah wah con el fuzz, puede usar el \"WAH WAH TRICK\" como un \"limpiador de Fuzz\", esto significa que puede limpiar un poco el fuzz y convertir\u00e1 el Fuzz en un tipo de tonos vidriosos (Glassy Tones) SRV que todos quieren obtener similares a un pedal Overdrive. Puede colocar las perillas FUZZ, OUTPUT, WAH WAH TRICK al m\u00e1ximo y bajar el volumen de su guitarra para limpiar su tono como si el efecto fuzz estuviera APAGADO.\r\n\r\nLa perilla fuzz es un potenci\u00f3metro CUSTOM MADE hecho para SABBADIUS Electronics con una curva especial para tener el mejor control en un pedal fuzz de 0 a 9, lo que le brinda la capacidad de usar todo el potencial del rango de la perilla, lo que le brinda m\u00e1s control del FUZZ. \r\nEl SABBADIUS 1988 Austin Texas Fuzz tiene tres controles con nombre:\r\nOUTPUT (Volumen), FUZZ, BIAS Y WAH WAH TRICK.\r\n\r\nCARACTERISTICAS:\r\nLa perilla de SALIDA controla el volumen del fuzz.\r\n\r\nFUZZ:\r\nLa perilla FUZZ controla la cantidad de FUZZ que se agrega al sonido. Este control tambi\u00e9n puede\r\nser manipulado por el control de volumen de la guitarra.\r\n\r\nBIAS:\r\n\u00a1SAY WHAT...!, un control BIAS en un Silicon Fuzz, \u00bfpor qu\u00e9?\r\nDecid\u00ed agregar este control fuera del PCB para que los usuarios puedan obtener m\u00e1s tonos y sonidos personalizados jugando con el voltaje que controla el transistor Q2.\r\n\r\n<\/span><\/pre>\n<pre id=\"tw-target-text\" class=\"tw-data-text tw-text-large tw-ta\" dir=\"ltr\" data-placeholder=\"Traducci\u00f3n\"><span class=\"Y2IQFc\" lang=\"es\">WAH WAH TRICK:\r\nLa perilla WAH WAH TRICK te permite usar un efecto de pedal Wah-Wah con el fuzz. En varios de los modelos de fuzz del mercado no se pueden usar porque hace un ruido desagradable cuando se utiliza el barrido del mismo o no genera el efecto Wah Wah perdiendo as\u00ed el efecto de modulaci\u00f3n. Con este control es posible cambiar el sonido fuzz antes o despu\u00e9s del wah wah, generando as\u00ed un sonido wah-wah original y fuzz juntos modulados a la perfecci\u00f3n. Esta funci\u00f3n se puede activar o desactivar para controlar y generar el efecto FUZZ o para usarlo como Overdrive. Es un excelente pedal para guitarra con pastillas de bobina simple y Humbuckers.\r\n\r\nCARACTER\u00cdSTICAS:\r\nInterruptor de pie mec\u00e1nico 100% True Bypass.\r\nAlimentaci\u00f3n: Bater\u00eda de 9v o fuente de alimentaci\u00f3n con polaridad NEGATIVA al centro.<\/span><\/pre>\n","protected":false},"excerpt":{"rendered":"<p>Un pedal de fuzz basado en el Cesar Diaz Square Face utilizado por Stevie Ray Vaughan. El SABBADIUS 1988 Austin<\/p>\n<p><a href=\"https:\/\/www.sabbadius.com\/?product=1988-austin-texas-fuzz-2\" class=\"more-link\">Seguir leyendo<span class=\"screen-reader-text\">1988 Austin Texas Fuzz<\/span><\/a><\/p>\n","protected":false},"featured_media":667,"template":"","meta":[],"product_brand":[],"product_cat":[138,145],"product_tag":[],"class_list":{"0":"post-675","1":"product","2":"type-product","3":"status-publish","4":"has-post-thumbnail","6":"product_cat-boost-overdrive-es","7":"product_cat-fuzz","9":"first","10":"outofstock","11":"shipping-taxable","12":"product-type-simple"},"_links":{"self":[{"href":"https:\/\/www.sabbadius.com\/index.php?rest_route=\/wp\/v2\/product\/675","targetHints":{"allow":["GET"]}}],"collection":[{"href":"https:\/\/www.sabbadius.com\/index.php?rest_route=\/wp\/v2\/product"}],"about":[{"href":"https:\/\/www.sabbadius.com\/index.php?rest_route=\/wp\/v2\/types\/product"}],"wp:featuredmedia":[{"embeddable":true,"href":"https:\/\/www.sabbadius.com\/index.php?rest_route=\/wp\/v2\/media\/667"}],"wp:attachment":[{"href":"https:\/\/www.sabbadius.com\/index.php?rest_route=%2Fwp%2Fv2%2Fmedia&parent=675"}],"wp:term":[{"taxonomy":"product_brand","embeddable":true,"href":"https:\/\/www.sabbadius.com\/index.php?rest_route=%2Fwp%2Fv2%2Fproduct_brand&post=675"},{"taxonomy":"product_cat","embeddable":true,"href":"https:\/\/www.sabbadius.com\/index.php?rest_route=%2Fwp%2Fv2%2Fproduct_cat&post=675"},{"taxonomy":"product_tag","embeddable":true,"href":"https:\/\/www.sabbadius.com\/index.php?rest_route=%2Fwp%2Fv2%2Fproduct_tag&post=675"}],"curies":[{"name":"wp","href":"https:\/\/api.w.org\/{rel}","templated":true}]}}